umber?
False
Is 4493051 a prime number?
True
Is 91783 a composite number?
True
Is 532489 composite?
False
Is 14777 a prime number?
False
Is 15567 prime?
False
Is 168711 composite?
True
Is 49523 composite?
False
Is 45037 prime?
False
Is 21961 a prime number?
True
Is 1931 a composite number?
False
Is 6517361 a composite number?
True
Is 499211 composite?
False
Is 23599 composite?
False
Is 204337 a prime number?
False
Is 1857 prime?
False
Is 10361 composite?
True
Is 14951 prime?
True
Is 108169 prime?
False
Is 155593 a prime number?
True
Is 49466 a composite number?
True
Is 82609 a composite number?
False
Is 211739 composite?
True
Is 1245331 a composite number?
False
Is 5539 prime?
False
Is 889 composite?
True
Is 1349 composite?
True
Is 143839 a composite number?
True
Is 390079 a composite number?
True
Is 11579 a composite number?
False
Is 8143 a composite number?
True
Is 80273 a composite number?
False
Is 1193557 a composite number?
False
Is 277513 composite?
False
Is 9599 a prime number?
False
Is 731641 a composite number?
True
Is 17903 a prime number?
True
Is 2761 composite?
True
Is 286927 a composite number?
False
Is 3755 a composite number?
True
Is 43729 composite?
True
Is 124789 a composite number?
True
Is 1544623 prime?
True
Is 14173 a prime number?
True
Is 94049 prime?
True
Is 129697 a composite number?
True
Is 384107 a composite number?
False
Is 13637 a composite number?
True
Is 2470751 prime?
False
Is 32887 prime?
True
Is 23151 a prime number?
False
Is 1057117 prime?
True
Is 5941 a prime number?
False
Is 23801 a composite number?
False
Is 11149 composite?
False
Is 349597 a composite number?
True
Is 977 composite?
False
Is 1862719 a composite number?
True
Is 161393 composite?
True
Is 191495 prime?
False
Is 1303667 a prime number?
True
Is 28895 a composite number?
True
Is 79537 prime?
True
Is 19121 a composite number?
False
Is 32957 prime?
True
Is 62637 a prime number?
False
Is 106163 a prime number?
True
Is 52549 prime?
False
Is 7901 a prime number?
True
Is 95307 composite?
True
Is 87931 prime?
True
Is 26687 prime?
True
Is 2205059 a prime number?
True
Is 5386 composite?
True
Is 327289 composite?
False
Is 1067 composite?
True
Is 404597 prime?
True
Is 15877 composite?
False
Is 77257 a composite number?
True
Is 360363 prime?
False
Is 30477 a composite number?
True
Is 1408697 composite?
False
Is 378923 composite?
True
Is 34681 a composite number?
True
Is 152183 a prime number?
True
Is 148531 prime?
True
Is 1561 prime?
False
Is 26957 a composite number?
True
Is 9527 a composite number?
True
Is 79421 a prime number?
False
Is 2020879 a prime number?
False
Is 96989 composite?
False
Is 516991 a prime number?
True
Is 3011 a composite number?
False
Is 187367 prime?
True
Is 41614 composite?
True
Is 1219 a composite number?
True
Is 832063 a prime number?
True
Is 157345 prime?
False
Is 643859 prime?
True
Is 205201 prime?
True
Is 21557 a composite number?
False
Is 506069 a composite number?
True
Is 5089 a prime number?
False
Is 1262581 a prime number?
True
Is 246391 composite?
False
Is 55799 composite?
False
Is 13093 a composite number?
False
Is 9977 a prime number?
False
Is 247691 prime?
True
Is 31237 a prime number?
True
Is 76226 a composite number?
True
Is 9143 a prime number?
False
Is 12746 a prime number?
False
Is 26801 a composite number?
False
Is 1342799 composite?
False
Is 37 a prime number?
True
Is 305534 a composite number?
True
Is 587473 a composite number?
False
Is 13907 a composite number?
False
Is 5969 prime?
False
Is 450361 prime?
True
Is 116407 composite?
True
Is 1030111 composite?
False
Is 70373 a composite number?
False
Is 208603 a prime number?
False
Is 68041 a prime number?
True
Is 680681 prime?
True
Is 927161 a composite number?
False
Is 183151 a composite number?
False
Is 12841 a prime number?
True
Is 5809 a prime number?
False
Is 44566 prime?
False
Is 371 composite?
True
Is 519079 prime?
False
Is 160553 composite?
False
Is 15221 composite?
True
Is 7829 composite?
False
Is 13829 composite?
False
Is 1068577 a prime number?
True
Is 309559 a composite number?
False
Is 37063 prime?
False
Is 1049 composite?
False
Is 34841 prime?
True
Is 19181 prime?
True
Is 5433 a prime number?
False
Is 41201 a prime number?
True
Is 379481 prime?
False
Is 16433 a prime number?
True
Is 66733 a prime number?
True
Is 18883 a prime number?
False
Is 2892599 a prime number?
False
Is 111521 a prime number?
True
Is 366439 prime?
True
Is 6271 a composite number?
False
Is 95113 a composite number?
True
Is 37151 prime?
False
Is 5153 a composite number?
False
Is 484721 prime?
False
Is 1543 prime?
True
Is 85837 prime?
True
Is 14501 a composite number?
True
Is 29383 a composite number?
False
Is 217405 a composite number?
True
Is 41007 prime?
False
Is 2119 composite?
True
Is 24223 a prime number?
True
Is 30211 a prime number?
True
Is 19067 a prime number?
False
Is 1356517 a prime number?
False
Is 171595 prime?
False
Is 219731 prime?
True
Is 1051787 composite?
True
Is 248389 prime?
True
Is 2927 prime?
True
Is 42635 a prime number?
False
Is 3114929 prime?
False
Is 5114 composite?
True
Is 75385 a composite number?
True
Is 941 a prime number?
True
Is 72499 a composite number?
True
Is 69 a composite number?
True
Is 328777 prime?
True
Is 127039 composite?
True
Is 4739 prime?
False
Is 6988009 a composite number?
True
Is 169399 composite?
False
Is 688379 a composite number?
False
Is 275699 composite?
False
Is 7793 composite?
False
Is 3647 composite?
True
Is 5414 prime?
False
Is 623 a prime number?
False
Is 1655 a composite number?
True
Is 159989 prime?
False
Is 2264126 a prime number?
False
Is 347 prime?
True
Is 11113 prime?
True
Is 2747 composite?
True
Is 116803 composite?
False
Is 111577 prime?
True
Is 25793 prime?
True
Is 8759 prime?
False
Is 308873 prime?
False
Is 272117 composite?
True
Is 19769 a prime number?
False
Is 374879 prime?
True
Is 1743221 a prime number?
True
Is 10417 a prime number?
False
Is 22177 a prime number?
False
Is 11513 prime?
False
Is 3107 a prime number?
False
Is 77189 a composite number?
True
Is 1905433 a composite number?
False
Is 430579 a prime number?
True
Is 1584403 a prime number?
True
Is 349003 composite?
True
Is 3067 a prime number?
True
Is 203591 prime?
True
Is 5099 prime?
True
Is 26045 a composite number?
True
Is 10487 prime?
True
Is 122093 composite?
True
Is 26227 prime?
True
Is 25391 composite?
False
Is 3409 composite?
True
Is 2203 prime?
True
Is 32837 a composite number?
True
Is 4781 a prime number?
False
Is 193693 composite?
True
Is 1069853 composite?
False
Is 254287 prime?
False
Is 146917 composite?
False
Is 145069 composite?
False
Is 131059 a prime number?
True
Is 28421 a prime number?
False
Is 1934 a prime number?
False
Is 2359 prime?
False
Is 13835 prime?
False
Is 124213 prime?
True
Is 390281 a composite number?
False
Is 113227 composite?
False
Is 81737 composite?
False
Is 11983 prime?
False
Is 13523 a composite number?
False
Is 10361 composite?
True
Is 1423039 composite?
False
Is 193217 prime?
False
Is 847183 prime?
False
Is 100127 prime?
False
Is 7859 prime?
False
Is 5311 prime?
False
Is 314729 a prime number?
False
Is 49783 a composite number?
False
Is 1170409 a composite number?
True
Is 653399 a prime number?
False
Is 1355273 a composite number?
True
Is 20617 prime?
False
Is 5923 a composite number?
False
Is 15133 prime?
False
Is 7372667 a prime number?
True
Is 314 a prime number?
False
Is 17897 a composite number?
True
Is 193243 a composite number?
False
Is 421289 a composite number?
True
Is 226531 prime?
True
Is 69929 prime?
True
Is 2287 a prime number?
True
Is 25895 prime?
False
Is 58085 prime?
False
Is 49451 composite?
False
Is 1138051 a composite number?
True
Is 86399 composite?
False
Is 10289 prime?
True
Is 3163 prime?
True
Is 262723 composite?
False
Is 9327 prime?
False
Is 133159 prime?
False
Is 45397 composite?
True
Is 49513 composite?
True
Is 6331505 a prime number?
False
Is 99367 composite?
False
Is 9221 prime?
True
Is 18751 a prime number?
False
Is 1188359 composite?
False
Is 2037797 prime?
False
Is 2683 a composite number?
False
Is 29447 a prime number?
False
Is 26303 composite?
True
Is 7451 composite?
False
Is 32647 prime?
True
Is 426757 a composite number?
False
Is 26661 composite?
True
Is 457607 a prime number